is the remainder when 658 is divided by j?
8
Suppose -121*r = -117*r - 20. Suppose 3 = -2*t - 3*p + 29, 74 = r*t + 3*p. Calculate the remainder when 281 is divided by t.
9
Suppose -5976 = -167*z + 155*z. Let t = z + -425. What is the remainder when 1167 is divided by t?
72
Let j be (-12)/3 + 23 - (-30)/(-6). Suppose 3*z - 68 = 5*u, 3*u + 3*z + 23 = u. Let t = j + u. Calculate the remainder when 1 is divided by t.
0
What is the remainder when (-5)/(93688/(-10402) - -9) is divided by 150?
143
Let q = 4264 + -4184. Calculate the remainder when 6159 is divided by q.
79
Let h = -94 - -224. Let u be 2/((-3)/(-6) + 0). Calculate the remainder when h is divided by 37 + (8/u - 6).
31
Let c = 4173 - 3498. What is the remainder when c is divided by 45?
0
Let q(o) = -5*o + 94. Let s be q(18). Suppose 9 = -m + 3*j, -13 = 2*m + s*j - 35. Calculate the remainder when 8 is divided by m.
2
Let w(c) = c**3 - 2*c**2 + 3. Suppose 0*a + 9 = 5*a + 3*f, -f = a - 3. What is the remainder when 3 is divided by w(a)?
0
Let q(v) = -378*v + 1 + 382*v + 1 + 16*v**2. Let h(b) = b**2 + 5*b + 9. Calculate the remainder when q(-2) is divided by h(-6).
13
Calculate the remainder when -1 - -1620 - (-607 - -612) is divided by 27.
21
Let j = 424 - 122. Calculate the remainder when j is divided by 72.
14
Suppose 97 = 5*h + b - 5*b, -h + 12*b + 53 = 0. Calculate the remainder when 237 is divided by h.
16
Calculate the remainder when 109 is divided by (-1418)/(-18) + (-1 - (-209)/171).
30
Let u(m) = m + 23. Suppose 63 = -7*q + 4*q. Let h be u(q). Suppose 9*f - 77 = h*f. What is the remainder when f is divided by 6?
5
Let r(m) = -m**3 - 85*m**2 - 3*m - 225. Calculate the remainder when 4439 is divided by r(-85).
29
Suppose 0 = x - 4*x. Let u = x + 2. Let s = -104998 + 105007. Calculate the remainder when s is divided by u.
1
Let y(x) be the first derivative of -38*x**2 + x + 2. Let t(k) = 192*k - 26480. What is the remainder when y(-1) is divided by t(138)?
13
Let p = 2975 + -2960. What is the remainder when 3764 is divided by p?
14
Let s be -2 + -2 - -6 - (-10)/1. Let w = -13 + s. Calculate the remainder when 67 is divided by w - -3 - (-21)/1.
21
Suppose 4*g - 41 = -3*x - 39, 0 = 5*g + 4*x - 2. Suppose -4*k = 4*w - g*w - 20, 5*w + k - 32 = 0. Calculate the remainder when w is divided by 2.
0
Suppose 3*n - 16 = 11. What is the remainder when (-3 - 33/(-15)) + -11 + (-3435)/(-75) is divided by 160/n + 2/9?
16
Suppose -110*g + 48737 = -2963. What is the remainder when g is divided by 96?
86
Suppose n - 5*s + 2*s - 139 = 0, 0 = n + s - 143. Let k = n - 115. Calculate the remainder when k is divided by 18.
9
Let b(t) = 145*t + 10963. Let q(z) = 7*z**3 - z**2 - 3*z. What is the remainder when q(3) is divided by b(-75)?
83
Suppose 5*m - z - 96 = -4*z, -2*m = z - 38. Let a be (34/51)/(6/(-5409) - 0). Let q = a + 686. What is the remainder when q is divided by m?
13
Let z = 362 + -367. Calculate the remainder when -5 + -2 + (-1045)/z is divided by 41.
38
Let a(z) = -z**2 - 8*z - 5. Let g(p) = -2*p**2 + 155*p + 134. Calculate the remainder when g(71) is divided by a(-5).
7
Let w(u) = -u**3 + 27*u**2 + 35*u + 48. Calculate the remainder when w(28) is divided by 32.
20
Let y be 1*86 - (-159)/(-53). What is the remainder when (7 + -5)/2*y is divided by 18?
11
Let h = -1284 + 1293. Calculate the remainder when 2438 is divided by h.
8
Let w(f) = f + 10. Let b be w(-6). Let s(u) = -u**3 + 4*u**2 - u + 7. Let d be s(b). Suppose -37 - d = -2*y. What is the remainder when 56 is divided by y?
16
Let u be 2*3/6 + 2. Let r be (-104)/(u/2*3/(-9)). Suppose -6*p + 56 = -r. Calculate the remainder when 262 is divided by p.
42
Let y(x) = x**2 - 9*x + 13. Let p be y(8). Suppose 5*t - 53 = -2*n + 34, 5*t + p*n - 90 = 0. What is the remainder when 43 is divided by t?
9
Let l(f) = f**3 - 12*f**2 - 10*f - 34. Let t = 11 - -2. Let c be l(t). Suppose c*r - 75 - 75 = 0. Calculate the remainder when 54 is divided by r.
24
Let z(l) = -5 + 13*l + 2 + 24 - 7 - 1 - 70*l**3. What is the remainder when z(-1) is divided by 6?
4
Let o(q) = 7*q**2 + 31*q. Calculate the remainder when o(-6) is divided by 4/(-40) - 844/(-40).
3
Suppose 31*x + 42 = 37*x. Suppose -5*r = 2*t - 268, 5*r = -0*r + 2*t + 252. Calculate the remainder when r is divided by x.
3
Suppose 2*t - 24 = -25*g + 21*g, 5*t = 0. What is the remainder when g is divided by 2?
0
Suppose 5*s + 5 = 10. What is the remainder when 4 + (-4 - -4 - -40) is divided by (-3 + 33/(-12))/(s/(-4))?
21
Let o(q) = 8*q + 44. Let a be o(-6). Let p(f) = 4*f**2 + 6*f - 5. Calculate the remainder when 133 is divided by p(a).
28
Let o be 2 + (-1 - -3) + -10. Let k be (-4 + o)*(-2)/(-4). What is the remainder when 86 is divided by k + -3 + (-132)/(-4)?
11
Suppose 3*n - 15 = 18*n. Let v(a) be the third derivative of -5*a**4/24 - a**3/3 - 3*a**2. Calculate the remainder when 25 is divided by v(n).
1
Let p(q) = -3*q**2 - 131*q - 336. What is the remainder when p(-39) is divided by 36?
30
Let j(n) = -7*n**3 - 3*n**2 - n + 24. Let k be j(-3). Let x = 205 - k. Calculate the remainder when 65 is divided by x.
1
Suppose -6 = -2*q + j + 3, 5*q + 5*j = 15. Suppose q*a = 113 + 31. Calculate the remainder when 175 is divided by a.
31
What is the remainder when 202 is divided by (-84)/(-22) + (-104)/(-572) - -46?
2
Let q(g) = 10*g - 22*g + 21*g - g**3 - 13*g**2 + 4. Let l be q(-14). Suppose -l*i + 320 = -70*i. Calculate the remainder when i is divided by 21.
17
Suppose 3*g = -4 + 7, 4*h + 149 = 5*g. What is the remainder when 174 is divided by (7/((-147)/h))/(12/56)?
6
Let p(c) = c**3 - 3*c**2 + 12*c**3 - 12*c**3 + 11 - 2*c. Calculate the remainder when p(4) is divided by 10.
9
Suppose u - 8 = -3*u - 2*x, 4*x - 5 = 3*u. Suppose 2*d = -3*r + 5, -10 = -2*d + r - u. What is the remainder when 39 is divided by d?
3
Let t(q) = -q**2 + 120*q - 2713. What is the remainder when t(84) is divided by 155?
1
Let f be (-238)/(-15) + 6/45. Calculate the remainder when 2205/20 - (-50)/(-40) is divided by -8*((-92)/f + 3).
21
Suppose -n + 2*d + 28 + 38 = 0, -3*d + 12 = 0. What is the remainder when 225 is divided by n?
3
Suppose 0 = -2*v - 152 - 28. Let c = 124 + v. What is the remainder when 130 is divided by c?
28
Suppose 0 = 30*p + 120*p - 14400. Calculate the remainder when 324 is divided by p.
36
What is the remainder when 1220 is divided by (-1 + -67)*(3 + (975/(-20))/13)?
47
Let j = 4023 - 3822. What is the remainder when j is divided by 6?
3
Let a = -25896 - -27871. Calculate the remainder when a is divided by 48.
7
Let a = -4043 + 4048. Suppose 3*x + 3*j - 57 = -12, -3*j - 6 = 0. Calculate the remainder when x is divided by a.
2
Let u(m) = -3*m - 11. Let f(z) = -z**2 + 2*z + 4. Let s be f(2). Suppose s*c + 0*a = -a - 19, a = c + 6. Calculate the remainder when 13 is divided by u(c).
1
Let d be 7 + 4 + (-1 - 4) + -2. Suppose 2*j = -3*h + 839, 6*j = 9*j + d*h - 1257. What is the remainder when j is divided by 38?
35
Suppose s - 365 = -3*s + 5*z, -2*s + 160 = 2*z. Suppose 55 = 3*u - 11. What is the remainder when s + 3 + (2 - 6) is divided by u?
18
Let r = -7992 - -8056. Calculate the remainder when 1787 is divided by r.
59
Suppose -4*m - k - 538 - 46 = 0, -5*m = k + 731. Let q(o) = -o**2 - 10*o - 9. Calculate the remainder when (5 - (m + 7))*(-8)/(-20) is divided by q(-7).
10
Let a be (-2)/5*1/(11/(-165)). Let j(r) = r**2 - 2*r. Calculate the remainder when j(a) is divided by 20.
4
Suppose -5*n + 1543 = -1977. What is the remainder when n is divided by 141?
140
Calculate the remainder when 296 is divided by (-6688)/(-80) + (-4)/10*-1.
44
Let g = -200 + 330. Suppose 130 = 2*t - g. What is the remainder when t is divided by 70?
60
Suppose 3*w = f - 4 - 2, 0 = 2*f - 3*w - 9. Suppose y - 64 = 3*q - 2*q, -f*y - 3*q + 174 = 0. What is the remainder when 176 is divided by y?
54
Let g(x) = 30*x + 104. Let v be g(-16). Let h = -344 - v. Calculate the remainder when h is divided by 18.
14
Let o = -9603 + 9626. Calculate the remainder when 2552 is divided by o.
22
Let f(i) = -i + 15. Let z = -16 - 35. Let k = z - -57. Calculate the remainder when 32 is divided by f(k).
5
Let z = 98 - 2. Let s = z + -66. Calculate the remainder when s is divided by 8.
6
Let a = 7555 + -7520. What is the remainder when 136 is divided by